729674?
False
Is 54 a factor of 4026483?
False
Is 6868834 a multiple of 489?
False
Is 1022960 a multiple of 38?
True
Is 95 a factor of 91051?
False
Is 15040 a multiple of 16?
True
Is 1074107 a multiple of 16?
False
Is 13 a factor of 282893?
True
Is 2645397 a multiple of 50?
False
Is 162 a factor of 288257?
False
Is 4723968 a multiple of 8?
True
Is 95 a factor of 136515?
True
Is 32 a factor of 30251?
False
Does 153 divide 661965?
False
Does 24 divide 908449?
False
Does 36 divide 43968?
False
Is 1613196 a multiple of 13?
True
Is 41 a factor of 900196?
True
Does 16 divide 2108478?
False
Does 245 divide 1321691?
False
Is 756734 a multiple of 8?
False
Is 28714 a multiple of 7?
True
Is 11 a factor of 144454?
False
Is 243 a factor of 115911?
True
Is 355 a factor of 6745?
True
Is 24 a factor of 261344?
False
Does 742 divide 10338629?
False
Is 30 a factor of 3047767?
False
Is 60 a factor of 1671785?
False
Is 121 a factor of 10520099?
False
Does 43 divide 10473562?
False
Is 245 a factor of 340639?
False
Is 9768948 a multiple of 84?
True
Is 406 a factor of 8296016?
False
Is 40 a factor of 119930?
False
Does 10 divide 2691406?
False
Does 85 divide 233746?
False
Does 278 divide 7630820?
False
Does 310 divide 1511560?
True
Is 256 a factor of 3209371?
False
Does 100 divide 464500?
True
Does 1757 divide 2885107?
False
Is 33892 a multiple of 37?
True
Does 449 divide 478197?
False
Does 51 divide 9912850?
False
Is 9 a factor of 950751?
True
Does 281 divide 517883?
True
Does 238 divide 113171?
False
Does 21 divide 95533?
False
Is 1179786 a multiple of 393?
True
Does 301 divide 32391822?
False
Does 24 divide 909792?
True
Does 6 divide 516?
True
Is 64 a factor of 65408?
True
Is 12626197 a multiple of 920?
False
Is 243760 a multiple of 44?
True
Is 2607010 a multiple of 44?
False
Is 500 a factor of 1207500?
True
Does 295 divide 12331626?
False
Is 17234 a multiple of 45?
False
Is 354475 a multiple of 11?
True
Is 100928 a multiple of 19?
True
Is 43 a factor of 448963?
True
Is 110874 a multiple of 43?
False
Does 10 divide 609179?
False
Does 11 divide 1916926?
True
Does 14 divide 2655056?
False
Is 124510 a multiple of 5?
True
Is 9 a factor of 27109908?
True
Does 461 divide 6283398?
False
Does 11 divide 3949640?
False
Is 789180 a multiple of 14?
True
Is 156144 a multiple of 334?
False
Is 179 a factor of 81072?
False
Does 81 divide 1083456?
True
Is 793133 a multiple of 16?
False
Does 7 divide 250054?
True
Is 51211 a multiple of 280?
False
Does 12 divide 66348?
True
Does 229 divide 157323?
True
Is 2685 a factor of 459135?
True
Is 43 a factor of 154757?
True
Is 41 a factor of 393026?
True
Is 10 a factor of 2819503?
False
Does 581 divide 1489103?
True
Does 16 divide 11782816?
True
Is 2918082 a multiple of 543?
True
Does 296 divide 270006?
False
Does 7 divide 16532?
False
Is 642986 a multiple of 35?
False
Does 61 divide 132675?
True
Is 15 a factor of 5495820?
True
Is 461079 a multiple of 15?
False
Does 75 divide 98587?
False
Is 205915 a multiple of 186?
False
Is 30530 a multiple of 2?
True
Is 2683017 a multiple of 2?
False
Is 56 a factor of 31640?
True
Is 8 a factor of 3345540?
False
Is 507 a factor of 12681591?
True
Does 1474 divide 4289340?
True
Is 296791 a multiple of 3?
False
Is 2075603 a multiple of 46?
False
Is 8431293 a multiple of 51?
False
Is 7 a factor of 177093?
True
Is 42 a factor of 24192?
True
Does 168 divide 163478?
False
Does 48 divide 70560?
True
Does 22 divide 102300?
True
Is 17944171 a multiple of 591?
False
Is 2065455 a multiple of 6?
False
Is 3131082 a multiple of 23?
True
Is 6 a factor of 281412?
True
Is 111115 a multiple of 313?
True
Is 258 a factor of 12485652?
True
Is 407473 a multiple of 71?
False
Does 857 divide 26465?
False
Is 38 a factor of 592730?
False
Is 30 a factor of 2294496?
False
Is 60 a factor of 257820?
True
Is 9 a factor of 66744?
True
Does 15 divide 220035?
True
Is 119620 a multiple of 4?
True
Is 4077820 a multiple of 212?
True
Does 370 divide 80383?
False
Is 12545 a multiple of 5?
True
Does 348 divide 95208?
False
Does 8 divide 554791?
False
Does 158 divide 121660?
True
Is 126 a factor of 6896138?
False
Does 841 divide 3633120?
True
Is 12941712 a multiple of 42?
True
Is 193282 a multiple of 18?
False
Is 4400166 a multiple of 303?
True
Is 7 a factor of 149107?
True
Is 39925 a multiple of 15?
False
Is 6 a factor of 1484373?
False
Is 4432 a multiple of 45?
False
Is 30235199 a multiple of 271?
True
Is 34 a factor of 63376?
True
Is 11932736 a multiple of 188?
True
Is 97 a factor of 14744?
True
Is 6410016 a multiple of 324?
True
Is 4 a factor of 131360?
True
Is 297 a factor of 6442838?
False
Is 10213 a multiple of 2?
False
Is 27 a factor of 142972?
False
Is 37909 a multiple of 14?
False
Is 292190 a multiple of 122?
True
Is 12 a factor of 1000056?
True
Does 137 divide 6094638?
False
Does 12 divide 4074?
False
Is 149 a factor of 907559?
True
Is 67 a factor of 211050?
True
Is 125461 a multiple of 55?
False
Is 48 a factor of 42816?
True
Is 9 a factor of 2152737?
True
Is 4 a factor of 650280?
True
Is 2197297 a multiple of 11?
False
Is 1357 a factor of 5832386?
True
Does 73 divide 23038?
False
Is 4 a factor of 26178?
False
Is 7 a factor of 256094?
False
Does 213 divide 693172?
False
Does 25 divide 936350?
True
Is 4 a factor of 203135?
False
Is 71962 a multiple of 11?
True
Does 69 divide 3216749?
False
Does 5 divide 45817?
False
Is 12 a factor of 395112?
True
Is 36 a factor of 30221?
False
Is 34 a factor of 112880?
True
Is 12 a factor of 359291?
False
Does 36 divide 9014488?
False
Is 7 a factor of 605660?
False
Is 286 a factor of 542828?
True
Is 53330 a multiple of 44?
False
Is 213710 a multiple of 14?
True
Does 619 divide 6702520?
False
Is 1115803 a multiple of 13?
True
Is 9 a factor of 423018?
True
Is 1624914 a multiple of 45?
False
Does 65 divide 61165?
True
Is 79201 a multiple of 24?
False
Is 14 a factor of 175378?
True
Does 81 divide 51950?
False
Does 205 divide 62666?
False
Does 1037 divide 19514576?
False
Is 556673 a multiple of 11?
False
Is 19 a factor of 590178?
True
Is 78 a factor of 45162?
True
Is 613 a factor of 5537554?
False
Is 14933040 a multiple of 24?
True
Does 1881 divide 3564644?
False
Is 116565 a multiple of 219?
False
Is 248838 a multiple of 619?
True
Is 112 a factor of 428647?
False
Is 651910 a multiple of 14?
True
Is 110571 a multiple of 18?
False
Is 55944 a multiple of 63?
True
Does 33 divide 1464317?
False
Does 75 divide 16524405?
False
Is 4 a factor of 106656?
True
Is 6 a factor of 114704?
False
Is 13 a factor of 211731?
True
Is 5584140 a multiple of 135?
True
Is 421 a factor of 1202376?
True
Does 205 divide 2483575?
True
Does 64 divide 97902?
False
Is 49 a factor of 132138?
False
Does 19 divide 1542157?
False
Is 27 a factor of 1231758?
False
Is 16 a factor of 143600?
True
Does 359 divide 99802?
True
Is 120 a factor of 537334?
False
Does 21 divide 257124?
True
Is 51040 a multiple of 88?
True
Is 1093075 a multiple of 146?
False
Does 9 divide 49168?
False
Is 902 a multiple of 11?
True
Is 350 a factor of 3585050?
True
Is 366 a factor of 16309402?
False
Does 14 divide 33488?
True
Does 19 divide 153539?
True
Is 1292919 a multiple of 3?
True
Is 599 a factor of 8985?
True
Is 48 a factor of 292032?
True
Does 6 divide 377264?
False
Is 744344 a multiple of 8?
True
Is 29 a factor of 52751?
True
Is 1077 a factor of 1766280?
True
Does 356 divide 496264?
True
Is 101 a factor of 978791?
True
Is 1145 a factor of 32239765?
True
Does 17 divide 1423511?
False
Is 582275 a multiple of 13?
False
Is 1528800 a multiple of 392?
True
Is 508269 a multiple of 6?
False
Is 937131 a multiple of 242?
False
Is 41433 a multiple of 6?
False
Is 1699141 a multiple of 125?
False
Does 860 divide 3240480?
True
Is 13 a factor of 675665?
False
Is 142 a factor of 363662?
True
Is 40747 a multiple of 7?
True
Does 7 divide 39263?
True
Does 13 divide 21255?
True
Does 631 divide 21028706?
True
Is 4189018 a multiple of 94?
False
Is 429775 even?
False
Is 5 a factor of 734669?
False
Is 26 a factor of 1386662?
False
Does 15 divide 6176085?
True
Is 10556 a multiple of 9?
False
Is 373815 a multiple of 135?
True
Is 59196 a multiple of 8?
False
Does 222 divide 1262292?
True
Is 13313784 a multiple of 13?
False
Is 132 a factor of 33962690?
False
Is 4654755 a multiple of 521?
